 10, what is -5 - 110?
-115
In base 15, what is -3ee - 4?
-403
In base 3, what is -211 + 210200?
202212
In base 14, what is 5 - -a78?
a7d
In base 10, what is 24 - 40?
-16
In base 16, what is -4 - -7?
3
In base 8, what is -25 + 2?
-23
In base 9, what is -2007 - 1?
-2008
In base 7, what is -12 + -3?
-15
In base 3, what is 22 + -10110?
-10011
In base 16, what is -1 + -14?
-15
In base 16, what is 38e + 1?
38f
In base 11, what is -5a9 - 1?
-5aa
In base 6, what is -134 - 22?
-200
In base 15, what is -2 + -1e?
-21
In base 14, what is -24 - 1c?
-42
In base 3, what is -10 + -2?
-12
In base 3, what is 2110102 + 11?
2110120
In base 2, what is 110110111 - -100101?
111011100
In base 14, what is 1 - a5c?
-a5b
In base 6, what is -32 + -14?
-50
In base 2, what is 11 + -11101011?
-11101000
In base 4, what is 12223120 + 10?
12223130
In base 4, what is 133231 + 10?
133301
In base 12, what is -1032 + -2?
-1034
In base 14, what is -4 - 591?
-595
In base 4, what is 30 + 31?
121
In base 14, what is 94 + 3?
97
In base 5, what is 11420 - -3?
11423
In base 10, what is 6 - 95?
-89
In base 7, what is 14 + 134?
151
In base 11, what is 7218 - -5?
7222
In base 7, what is 1 - 21131?
-21130
In base 4, what is 312 - -10?
322
In base 6, what is -12 + 13102?
13050
In base 3, what is -11 + 22220?
22202
In base 12, what is -2 + -57?
-59
In base 7, what is 52 - -30?
112
In base 3, what is -2011 - 202?
-2220
In base 2, what is -100 - 1000010?
-1000110
In base 15, what is 3 + b4?
b7
In base 5, what is -3 + -243?
-301
In base 9, what is -38 - -20?
-18
In base 5, what is -13 + -3014?
-3032
In base 6, what is -5 - -122?
113
In base 8, what is -4 + 0?
-4
In base 12, what is -5 + -116?
-11b
In base 12, what is -85a9 - -5?
-85a4
In base 5, what is 124134 - 4?
124130
In base 13, what is b - a?
1
In base 12, what is -5 + 258?
253
In base 14, what is -59 + 5?
-54
In base 16, what is -f + -231?
-240
In base 11, what is -101 - -3?
-a9
In base 10, what is -3 + 2741?
2738
In base 12, what is 39 + 1?
3a
In base 15, what is -2 - -5?
3
In base 5, what is -44414 + 2?
-44412
In base 2, what is -11001101 - 10?
-11001111
In base 14, what is -4 - -72?
6c
In base 5, what is -2 - 4221?
-4223
In base 3, what is -1101 - 11?
-1112
In base 11, what is -227 + 1?
-226
In base 16, what is -2c - 3?
-2f
In base 15, what is 5 + -2c?
-27
In base 16, what is -c3 - -2?
-c1
In base 6, what is -5 + 5234?
5225
In base 2, what is 100 + -11000?
-10100
In base 5, what is -23340 - -4?
-23331
In base 5, what is 24 - -103?
132
In base 6, what is -102 - 42?
-144
In base 11, what is 16 - -4a8?
513
In base 5, what is 311 - 10?
301
In base 5, what is 3 + 2220?
2223
In base 8, what is -76342 - -5?
-76335
In base 10, what is -5 + 402?
397
In base 9, what is 10 + 7?
17
In base 11, what is -2 - 215a?
-2161
In base 12, what is -14 - -214?
200
In base 13, what is 164 + 5?
169
In base 3, what is -1122122 + 0?
-1122122
In base 10, what is 45 - 19?
26
In base 7, what is -40032 - -4?
-40025
In base 7, what is -2346 - 5?
-2354
In base 15, what is 4 + -36?
-32
In base 8, what is -162 + 0?
-162
In base 7, what is 5 + -36?
-31
In base 11, what is -42 + 0?
-42
In base 7, what is 1565 + -1?
1564
In base 12, what is -a689 - 2?
-a68b
In base 16, what is -e - -23d?
22f
In base 6, what is -241 + -32?
-313
In base 2, what is -101001 - -1000011?
11010
In base 2, what is -1111 - -1111000100?
1110110101
In base 3, what is -11 + 2011?
2000
In base 6, what is -114 + -41?
-155
In base 5, what is 20 - -3?
23
In base 13, what is cb4 + -1?
cb3
In base 2, what is 11111001011 + -10?
11111001001
In base 12, what is -14 + -24?
-38
In base 12, what is 1 + -4?
-3
In base 9, what is 162 + -10?
152
In base 9, what is -4 + -25?
-30
In base 9, what is 1 + -246?
-245
In base 8, what is -346 - 43?
-411
In base 13, what is -168 + -4?
-16c
In base 11, what is -381 + 14?
-368
In base 14, what is -6 + c1?
b9
In base 10, what is 118 - 92?
26
In base 7, what is -42152 - 2?
-42154
In base 9, what is -12802 + 5?
-12786
In base 2, what is 110100001 + 1?
110100010
In base 3, what is -20022 + -1222?
-22021
In base 11, what is -46 + 0?
-46
In base 12, what is -223 - 2?
-225
In base 4, what is 1 - 222130?
-222123
In base 15, what is -10a + 1?
-109
In base 11, what is -27 + 1?
-26
In base 3, what is 21 + 20012?
20110
In base 2, what is -1001001 - -1?
-1001000
In base 2, what is -1110011111 - -101?
-1110011010
In base 14, what is -3 + 11b?
118
In base 2, what is 10100100 - 10?
10100010
In base 5, what is 212 - 10?
202
In base 11, what is 1 - -179?
17a
In base 4, what is 12 - -2211?
2223
In base 9, what is 170 - 5?
164
In base 14, what is 12 + -16c?
-15a
In base 5, what is -2 - 40324?
-40331
In base 11, what is 0 + -1947?
-1947
In base 6, what is -2 + -51?
-53
In base 9, what is 51 - -14?
65
In base 7, what is 5 - 2?
3
In base 6, what is 12 - 1204?
-1152
In base 14, what is 3 - -326b?
3270
In base 4, what is 1123013 - -1?
1123020
In base 12, what is -1b8b - -5?
-1b86
In base 8, what is 104 - 234?
-130
In base 9, what is -285 - 0?
-285
In base 11, what is 73 + -4?
6a
In base 6, what is -1 + -2005?
-2010
In base 8, what is -4 - -150?
144
In base 15, what is -27 - 49?
-71
In base 11, what is 2 - 49?
-47
In base 10, what is -840 - 5?
-845
In base 4, what is 10 + -203312?
-203302
In base 14, what is 2 - -68?
6a
In base 8, what is -53 + -32?
-105
In base 11, what is -2 + 7?
5
In base 10, what is 75 - -2?
77
In base 10, what is -974 + -17?
-991
In base 11, what is -13 - -184?
171
In base 7, what is -5 + -352?
-360
In base 4, what is -10 + -132?
-202
In base 13, what is 520 + -3?
51a
In base 5, what is 31 - 10044?
-10013
In base 16, what is 5 + -2e?
-29
In base 16, what is 0 - -d?
d
In base 6, what is 2 - 153?
-151
In base 7, what is 3 - 354?
-351
In base 8, what is -16 + -220?
-236
In base 14, what is -4 - -23?
1d
In base 8, what is 11 + -11?
0
In base 2, what is 10010 + 10101110?
11000000
In base 5, what is -4142 - 1?
-4143
In base 12, what is -61 - -5?
-58
In base 11, what is 307 - 4?
303
In base 14, what is -1c + 1c?
0
In base 6, what is 4 + 222?
230
In base 7, what is 521 + -4?
514
In base 14, what is -257 - -6?
-251
In base 16, what is 3 - -6b?
6e
In base 9, what is -13 + -180?
-203
In base 13, what is -21 + -26?
-47
In base 7, what is 44 - 1?
43
In base 10, what is -834 - -3?
-831
In base 2, what is -100 - 11010110?
-11011010
In base 6, what is 5 + -433?
-424
In base 14, what is -4 + 1c2?
1bc
In base 2, what is -1 - -101010110100?
101010110011
In base 15, what is 92 - -5?
97
In base 14, what is 0 - -72?
72
In base 12, what is -1b20 - -3?
-1b19
In base 16, what is -5a + 1e?
-3c
In base 2, what is 100011 - 1110?
10101
In base 9, what is 8 + 7?
16
In base 5, what is 11 + -2131?
-2120
In base 12, what is -787 - -2?
-785
In base 4, what is -10 + 1122333?
1122323
In base 14, what is 1298 + -1?
1297
In base 13, what is 41 - -13?
54
In base 6, what is 22 + 0?
22
In base 10, what is -7 + 8?
1
In base 14, what is -4 - -7d6?
7d2
In base 11, what is 296 - 3?
293
In base 10, what is 65 + -27?
38
In base 13, what is -6b2 - -6?
-6a9
In base 16, what is 25d9 - 5?
25d4
In base 3, what is -10100 - 110?
-10210
In base 7, what is 6 - 20?
-11
In base 16, what is 5 + d1?
d6
In base 2, what is -111 + 11101000?
11100001
In base 13, what is -1 + -5?
-6
In base 4, what is 323103 + 3?
323112
In base 6, what is 121 + 111?
232
In base 12, what is -5a8 - -4?
-5a4
In base 13, what is -31 + 8?
-26
In base 12, what is -8 - -5?
-3
In base 2, what is -110 - 1000?
-1110
In base 6, what is 5 - 355?
-350
In base 10, what is 4 - 50?
-46
In base 11, what is 5 - -a3?
a8
In base 10, what is -5 + -32?
-37
In base 12, what is 6 + 14?
1a
In base 6, what is 3 - -3004?
3011
In base 14, what is -6b - 5?
-72
In base 8, what is -1223 + 5?
-1216
In base 15, what is -2c - -5?
-27
In base 3, what is -11 - 2021201?
-2021212
In base 13, what is -104 + -5?
-109
In base 11, what is -4 - 43?
-47
In base 8, what is 113 - 24?
67
In base 9, what is -15685 - 2?
-15687
In base 7, what is -1 + -1161?
-1162
In base 13, what is -3 - 852?
-855
In base 13, what is 5 + -233?
-22b
In base 12, what is -103 + 5?
-ba
In base 12, what is -2144 + -3?
-2147
In base 6, what is -1 + -225?
-230
In base 10, what is 0 + 28?
28
In base 3, what is 122 - -2?
201
In b